--
-- Host: localhost    Database: departement_ich
-- ------------------------------------------------------


--
-- Table structure for table `actualites`
--

CREATE TABLE `actualites` (
  `idActu` varchar(80) NOT NULL,
  `titre_fr` varchar(100) DEFAULT NULL,
  `titre_en` varchar(100) DEFAULT NULL,
  `contenu_fr` text,
  `contenu_en` text,
  `lien` text,
  `image` longtext,
  `source_image` text,
  `alt_fr` text,
  `alt_en` text,
  `datePosted` text,
  `dateUpdated` text,
  PRIMARY KEY (`idActu`)
) ENGINE=InnoDB DEFAULT CHARSET=utf8mb4 COLLATE=utf8mb4_general_ci;

--
-- Dumping data for table `actualites`
--

INSERT INTO `actualites` VALUES ('f2b24700-4b51-4b4d-9687-cd56ec28cce9','Lancement du nouveau site web du département','Launch of the Department\'s New Website','Le département est fier d\'annoncer le lancement de son nouveau site web, offrant une navigation améliorée et un accès simplifié aux ressources.','The department is proud to announce the launch of its new website, offering improved navigation and easier access to resources.','https://vps-bf3382b0.vps.ovh.net/ich/','uploads/news_Lancement du nouveau site web du département_1752157285357.jpg','Lypovision — Travail personnel, CC BY-SA 4.0, https://commons.wikimedia.org/w/index.php?curid=139856537','alt fr','alt en','07/07/2025 00:34','10/07/2025 16:21');

--
-- Table structure for table `collaborations`
--

CREATE TABLE `collaborations` (
  `idCollab` varchar(80) NOT NULL,
  `nom` varchar(100) DEFAULT NULL,
  `type` varchar(80) DEFAULT NULL,
  `categorie` varchar(80) DEFAULT NULL,
  `description_fr` text,
  `description_en` text,
  `logo` text,
  PRIMARY KEY (`idCollab`)
) ENGINE=InnoDB DEFAULT CHARSET=utf8mb4 COLLATE=utf8mb4_general_ci;

--
-- Dumping data for table `collaborations`
--

INSERT INTO `collaborations` VALUES ('2e673d2e-26b1-4cb3-b274-715e4747b3c5','INSHEA','Nationale','Autre','Institut national supérieur de formation et de recherche pour l’éducation des jeunes handicapés et les enseignements adaptés.','','uploads/collaboration_INSHEA_1751990154374.svg'),('37a95846-1415-4b9f-b396-21c67afb9a36','IFRATH','Nationale','Autre','Institut Fédératif de Recherche sur les Aides Techniques pour personnes Handicapées\nL’IFRATH constitue une Société Savante sous la forme d’une association, rassemblant des chercheurs, des utilisateurs et des industriels ayant décidé de mettre en commun leurs compétences afin de créer des synergies permettant de favoriser l’avancement des recherches technologiques et méthodologiques se rapportant aux différents handicaps physiques, sensoriels et cognitifs. Une douzaine de laboratoires fait partie de l’IFRATH et constitue un vivier d’intervenants et une source importante de propositions de stage.','Federal Institute for Research on Technical Aids for Disabled People)\nIFRATH is a Learned Society organized as an association, bringing together researchers, users, and industry professionals who have chosen to pool their expertise in order to create synergies that promote the advancement of technological and methodological research related to various physical, sensory, and cognitive disabilities. A dozen laboratories are part of IFRATH, serving as a pool of contributors and an important source of internship opportunities.','uploads/collaboration_IFRATH_1751149767771.png'),('3bbe7c83-db8c-42fc-bde3-58e26baab675','Thales','Nationale','Partenaire socio-économique','','','uploads/collaboration_Thales_1751990575394.svg'),('3c5f0bbf-a3d0-41fd-9f50-e0760f1f220d','CNAM','Nationale','Université','','','uploads/collaboration_CNAM_1751981891514.svg'),('402847fd-569f-4ec3-83ee-f8af9c6ebeaf','Orange','Nationale','Partenaire socio-économique','','','uploads/collaboration_Orange_1751990342039.svg'),('554cd9db-e684-455a-bb65-0a7f711b906a','UVSQ','Nationale','Université','','','uploads/collaboration_UVSQ_1751990648046.svg'),('5621c01e-01fe-4adf-8dfb-76d4baa2d633','Université Paris Cité','Nationale','Université','','','uploads/collaboration_Université Paris Cité_1751990619403.svg'),('573eddd0-9087-4263-a4dc-087b4167633f','Eurobraille','Nationale','Partenaire socio-économique','','','uploads/collaboration_Eurobraille_1751982268318.svg'),('5a7bf225-d8ae-49ee-b028-847f0c69edac','Hôpital Rayymond-Poincaré - APHP','Nationale','Hôpital','Situé à Garches dans les Hauts-de-Seine, l’hôpital Raymond-Poincaré AP-HP est spécialisé dans la prise en charge d’adultes et d’enfants souffrant de troubles neuro locomoteurs lourds et invalidants, innés ou acquis, et leurs complications (escarres…).','','uploads/collaboration_Hôpital Rayymond-Poincaré - APHP_1751983333756.svg'),('6fad9e9c-c2e9-40c0-ac5b-acf5f98fb8fc','Essilor','Nationale','Partenaire socio-économique','','','uploads/collaboration_Essilor_1751982208794.svg'),('7070ae3a-5006-4366-8341-aeb1b851e3f6','SoftBank Robotics','Nationale','Partenaire socio-économique','','','uploads/collaboration_SoftBank Robotics_1751990509387.svg'),('730a583e-1f14-426f-8742-bf1dfef23543','INSERM','Nationale','Autre','Institut national de la santé et de la recherche médicale','','uploads/collaboration_INSERM_1751990192808.svg'),('73ba03de-5dcd-437c-90ed-9779c3612862','Laboratoire CHArt','Nationale','Autre','','','uploads/collaboration_Laboratoire CHArt_1751990216152.svg'),('77390d28-6198-4bf6-bb91-a90707030845','Robosoft','Nationale','Partenaire socio-économique','','','uploads/collaboration_Robosoft_1751990411748.svg'),('7c0420ad-67f5-47eb-b112-167aa1da1d10','Ceciaa','Nationale','Partenaire socio-économique','','','uploads/collaboration_Ceciaa_1751981837168.svg'),('99b0cd0d-d298-4def-bdde-55b5f9639fe6','ERASMUS+','Internationale','Autre','Nos étudiants de master ont la possibilité de partir en mobilité pour faire leur stage de M2 dans plusieurs universités européennes dans le cadre du programme d’échange Erasmus+.','','uploads/collaboration_ERASMUS+_1751992506141.svg'),('a2b39b31-97ee-46c0-b3a9-373a22dccafd','ERUA','Internationale','Autre','European Reform University Alliance','','uploads/collaboration_ERUA_1751990816327.svg'),('aad5179f-00fe-4a7d-aaae-7ff2ee3f87ef','THIM','Nationale','Autre','','','uploads/collaboration_THIM_1751990700883.svg'),('bae4c725-2081-4c88-86c4-60f27a5e6332','Sorbonne université','Nationale','Université','','','uploads/collaboration_Sorbonne université_1751990546386.svg'),('c0c2d171-2150-4aed-aaae-3e67fa605d9b','Hôpital de la Pitié Salpêtrière - AP-HP','Nationale','Hôpital','L’Hôpital Universitaire Pitié Salpêtrière est un établissement public de santé qui fait partie de l’Assistance Publique – Hôpitaux de Paris (AP-HP).','','uploads/collaboration_Hôpital de la Pitié Salpêtrière - AP-HP_1751982346646.svg'),('c692591a-ce5f-4a73-a029-3cdcedfa5dec','INJS (Institut National des Jeunes Sourds de Paris)','Nationale','Autre','','','uploads/collaboration_INJS_1751139622433.png'),('d0dcafdf-b2f1-46df-a474-f742a5674f1c','La Poste','Nationale','Partenaire socio-économique','','','uploads/collaboration_La Poste_1751990203115.svg'),('d16637f2-4da3-44e8-bea0-584dd2bca8d4','Institut Polytechnique de Kiev','Internationale','Université','','','uploads/collaboration_Institut Polytechnique de Kiev_1751990179808.svg'),('d96abb9a-695f-4231-bc9c-99551f713c00','Médialis','Nationale','Partenaire socio-économique','','','uploads/collaboration_Médialis_1751990329417.svg'),('d96fa014-0bd5-4ad0-953b-3b66ad1da574','SNCF','Nationale','Partenaire socio-économique','','','uploads/collaboration_SNCF_1751990448729.svg'),('e727d1ee-f14f-4ff2-94c8-2f873c0e190f','Capgemini','Nationale','Partenaire socio-économique','','','uploads/collaboration_Capgemini_1751981670671.svg'),('f5e7289c-1570-43d7-bdd3-fa482cf7acd7','EHESS','Nationale','Université','L\'école des hautes études en sciences sociales','','uploads/collaboration_EHESS_1751981971126.svg'),('f8fbd919-d380-4e2e-9416-bfa9fe1924a1','Hôpital Necker','Nationale','Hôpital','Hôpital Necker Enfants malades - AP-HP (Assistance Publique - Hôpitaux de Paris)','','uploads/collaboration_Hôpital Necker_1751983124460.svg');

--
-- Table structure for table `history`
--

CREATE TABLE `history` (
  `idHistory` varchar(80) NOT NULL,
  `dateUpdated` varchar(100) DEFAULT NULL,
  `operation` varchar(80) DEFAULT NULL,
  `resume` text,
  `admin_name` text,
  PRIMARY KEY (`idHistory`)
) ENGINE=InnoDB DEFAULT CHARSET=utf8mb4 COLLATE=utf8mb4_general_ci;

--
-- Dumping data for table `history`
--

INSERT INTO `history` VALUES ('183ae653-cd9a-4dba-b735-6c47ea5374a9','10/07/2025 21:22','INSERT','Ajout du projet Detect\'chute','Maha BOURADA'),('3dfe9287-f133-4a92-9f37-2bd7b452df88','10/07/2025 20:12','UPDATE','Mise à jour des sections de la page Accueil','Maha BOURADA'),('676feac9-3e15-4f23-a6fd-60b97d094042','10/07/2025 21:32','UPDATE','Mise à jour du projet EyeRobot','Maha BOURADA'),('78a3582e-dddf-44f7-a68d-f73edc971fba','10/07/2025 22:16','UPDATE','Mise à jour des sections de la page Collaboration nationales','Maha BOURADA'),('7cbf9e8c-549a-45b6-865d-fa8f76d0c340','10/07/2025 22:01','UPDATE','Mise à jour du prix Challenge Handicap & Technologie 2025','Maha BOURADA'),('8b0a3db2-8730-4077-b20a-06cd69257fbc','10/07/2025 22:14','UPDATE','Mise à jour des sections de la page Collaboration nationales','Maha BOURADA'),('92d65c26-8fbe-4f7c-826b-00f1efafe649','10/07/2025 21:32','UPDATE','Mise à jour du projet EyeRobot','Maha BOURADA'),('b7411d66-bf94-42ee-917a-b12a6f50511b','10/07/2025 21:28','UPDATE','Mise à jour du projet EyeRobot','Maha BOURADA'),('c0180c99-d483-4deb-bd6d-550a635ccc82','10/07/2025 21:39','INSERT','Ajout de l\'admin test TEST','Maha BOURADA'),('c726694c-75a6-4471-94e9-194a194694f8','10/07/2025 22:01','UPDATE','Mise à jour du prix Challenge Handicap & Technologie 2025','Maha BOURADA'),('cb11cb24-a28f-4c03-8d92-eb3f2cb45457','10/07/2025 21:10','INSERT','Ajout du projet NaoBody','Maha BOURADA'),('cd2d713f-99af-46df-b501-496a06b37feb','10/07/2025 22:41','UPDATE','Mise à jour de la collaboration INJS (Institut National des Jeunes Sourds de Paris)','Maha BOURADA'),('d4f3ac40-763c-433e-ad98-d0bb2f1c5c0f','10/07/2025 22:57','INSERT','Ajout de la collaboration ddd','Maha BOURADA'),('d655b4e9-63cb-449c-a932-c35f6f5cad5a','10/07/2025 21:27','INSERT','Ajout du projet EyeRobot','Maha BOURADA'),('d9e9fa87-a135-4164-acb5-b35e2a73c4d7','10/07/2025 21:41','INSERT','Ajout de l\'admin a A','Maha BOURADA'),('dca35b32-2246-42c3-ab07-76d8a3503cd9','10/07/2025 22:57','DELETE','Suppression de la collaboration ddd','Maha BOURADA'),('f72a1771-d039-4d64-8272-0b41ff44f243','10/07/2025 21:41','DELETE','Suppression de l\'admin a A','Maha BOURADA');

--
-- Table structure for table `media`
--

CREATE TABLE `media` (
  `idMedia` varchar(80) NOT NULL,
  `path` text,
  `alt_fr` text,
  `alt_en` text,
  `source` text,
  `ordre_positionnement` int DEFAULT NULL,
  `idProjet` varchar(80) DEFAULT NULL,
  `idPage` varchar(80) DEFAULT NULL,
  PRIMARY KEY (`idMedia`),
  KEY `projet_media_idx` (`idProjet`),
  KEY `page_media_idx` (`idPage`),
  CONSTRAINT `page_media` FOREIGN KEY (`idPage`) REFERENCES `pages` (`idPage`),
  CONSTRAINT `projet_media` FOREIGN KEY (`idProjet`) REFERENCES `projets` (`idProjet`)
) ENGINE=InnoDB DEFAULT CHARSET=utf8mb4 COLLATE=utf8mb4_general_ci;

--
-- Dumping data for table `media`
--

INSERT INTO `media` VALUES ('1781f32b-a383-46ff-856c-9a60b76f8d15','uploads/page_collaboration-internationale_3fb4e540-9218-47ed-92bd-3665a640f395_1751994224953.svg','Logos des partenaires internationaux','Logos of international partners','Lypovision — Travail personnel, CC BY-SA 4.0, https://commons.wikimedia.org/w/index.php?curid=139856537',1,NULL,'eacb440a-da59-4d6b-bcae-046318d154a0'),('35896e0e-2614-4f92-9302-b61737fc9c5b','uploads/page_accueil_870f8e90-530a-4e78-aae3-a2b9b6b0d2d6_1752155131109.png','Une femme équipée d\'un casque EEG interagit avec un robot humanoïde dans une salle de recherche.','A woman wearing an EEG headset interacts with a humanoid robot in a research setting.','Salvatore ANZALONE',2,NULL,'0a47a8cd-b402-4935-9c16-d45911f7b8fe'),('392f35c8-19b4-4cc7-a981-b05174f51310','uploads/Page_lab-chart_392f35c8-19b4-4cc7-a981-b05174f51310_1748121734543.png','CHArt Logo','CHArt Logo','',1,NULL,'e629e3b1-bdcb-4ea5-aa65-d0457b63d60a'),('404deaf1-6a87-470b-9fe8-c4ceb928de63','uploads/page_collaboration-nationale_4c7d0801-3101-4b98-a109-875995f570dd_1752178598626.svg','Logos des établissements partenaires','Logos of partner establishments','',1,NULL,'ab0daf0a-a916-468d-aba0-b3f4b0d1312b'),('4306117d-0d0c-43ab-b11f-a39775029f95','uploads/page_accueil_8817e112-a8d8-4ac8-ad84-1023bb3cfaa3_1752154734518.png','Un robot humanoïde Nao gris debout dans une salle de classe.','A gray Nao humanoid robot standing in a classroom.','Mouna BENBOUDJEMA',4,NULL,'0a47a8cd-b402-4935-9c16-d45911f7b8fe'),('4386bf02-3b2e-4fc0-b1a2-9330d9c73830','uploads/projet_Wheely_1749743418215.jpeg','Un étudiant testant l\'application \"Wheely\" dans un bus','A student testing the \"Wheely\" app on a bus',NULL,1,'4d864512-c337-4a1f-87e0-d2a4ac229276',NULL),('45804cf2-5080-42e9-84b2-eb6e726007fd','uploads/projet_EyeRobot_1752175937098.png','','',NULL,3,'91ff8f5c-6dcd-4d9c-84f9-06acd2d15e54',NULL),('5b361dab-1dbe-4333-98d3-69d7ce6fff83','uploads/projet_Detect\'chute_c4fbd7d4-68cf-4693-82ad-6c5110a24e6b_1752175344586.jpg','','',NULL,1,'4f5fbb57-8909-422a-8b1a-a690e09b4cee',NULL),('5ef8e35f-d740-4fd1-96fd-3a10fb67364a','uploads/projet_NaoBody_05cc91b6-a564-44ec-9660-a59625437fbf_1752174649166.png','Un robot humanoïde Nao gris debout dans une salle de classe.','A gray Nao humanoid robot standing in a classroom.',NULL,1,'e5d5b55e-fb58-4ca0-895f-19efe7869709',NULL),('6a0d1582-82cf-4018-b4ff-16a797233e4d','uploads/projet_Wheely_1749845268334.jpeg','Gros plan sur le joystick d\'un fauteuil roulant électrique, équipé du prototype \"Wheely\"','Close-up of the joystick of an electric wheelchair, equipped with the \"Wheely\" prototype',NULL,2,'4d864512-c337-4a1f-87e0-d2a4ac229276',NULL),('6b2d482d-5bbc-498d-ab50-d80695baff0b','uploads/projet_Detect\'chute_3af26412-7fd3-493c-96ba-7787c3a42d58_1752175344598.png','','',NULL,2,'4f5fbb57-8909-422a-8b1a-a690e09b4cee',NULL),('6ef621de-4014-4de1-b687-231402828060','uploads/Page_master_6ef621de-4014-4de1-b687-231402828060_1748121145536.jpeg','Imprimante 3D','3D printer','',3,NULL,'6cd33d89-215d-4799-890b-d3a2d1d2e4a3'),('7cbc7a7e-52a3-478a-8de4-df2e17fb3f2b','uploads/Page_master_7cbc7a7e-52a3-478a-8de4-df2e17fb3f2b_1748121145409.png','Logo du Master Handi','Master Handi\'s Logo','',1,NULL,'6cd33d89-215d-4799-890b-d3a2d1d2e4a3'),('898da021-a8a1-49d3-bb91-99b2271ef646','uploads/projet_NaoBody_c4eed092-791f-4eb1-9159-b43a36c5b326_1752174649191.png','Page d\'accueil de l\'application qui contrôle le robot Nao','Home page of the application controlling the Nao robot',NULL,2,'e5d5b55e-fb58-4ca0-895f-19efe7869709',NULL),('8fbf62bc-dd75-41f7-9be2-af80774c7692','uploads/Page_master_8fbf62bc-dd75-41f7-9be2-af80774c7692_1748173726806.png','Promotion Master MIASHS Handi 2024/2025','Promotion Master MIASHS Handi 2024/2025','',2,NULL,'6cd33d89-215d-4799-890b-d3a2d1d2e4a3'),('b1551e4f-7370-4768-ade5-f9e803eb8409','uploads/Page_master_b1551e4f-7370-4768-ade5-f9e803eb8409_1748121145576.png','Un robot qui agite ses mains','A robot waving its hands','',4,NULL,'6cd33d89-215d-4799-890b-d3a2d1d2e4a3'),('d91e117f-977d-4e11-95f4-fa5fbd3ed6d3','uploads/page_accueil_25ae7db0-294b-4c75-a879-9348a2415809_1752154734510.png','Une femme utilise des capteurs pour interagir avec un personnage virtuel projeté.','A woman uses sensors to interact with a projected virtual character.','Salvatore ANZALONE',3,NULL,'0a47a8cd-b402-4935-9c16-d45911f7b8fe'),('dc0607da-219d-4b66-b7d6-a9c053cfbbf6','uploads/projet_Wheely_1749845268337.jpeg','Étudiant en fauteuil roulant utilisant l\'assistant \"Wheely\"','Student in a wheelchair using the assistant \"Wheely\"',NULL,3,'4d864512-c337-4a1f-87e0-d2a4ac229276',NULL),('ddb8f565-d793-4e93-a550-0ed92aaf9d46','uploads/projet_EyeRobot_1752175937116.png','','',NULL,1,'91ff8f5c-6dcd-4d9c-84f9-06acd2d15e54',NULL),('dddf0c23-19a3-4517-bd58-f59200fda6f0','uploads/projet_NaoBody_b484e674-88b4-433c-8166-fd4e21b68f3e_1752174649193.png','Page des scénarios possibles avec le robot Nao','Nao robot scenarios page',NULL,3,'e5d5b55e-fb58-4ca0-895f-19efe7869709',NULL),('dfa3b8c4-9758-463d-bcab-21ab01e90c87','uploads/projet_Detect\'chute_8c26668c-77f1-46e9-8cd5-46fae16a3b56_1752175344600.png','','',NULL,3,'4f5fbb57-8909-422a-8b1a-a690e09b4cee',NULL),('e7de016d-6830-4440-b17c-d2acf439e374','uploads/page_accueil_62a20b73-5c14-4928-8820-e82eab1e6275_1752154734504.png','Une petite fille masquée en costume de licorne assise face à un robot humanoïde à une table de jeu.','A masked little girl in a unicorn costume sits at a play table facing a humanoid robot.','Salvatore ANZALONE',1,NULL,'0a47a8cd-b402-4935-9c16-d45911f7b8fe'),('fac544a7-c59b-4870-9cb8-890293d39133','uploads/projet_EyeRobot_1752175937122.png','','',NULL,2,'91ff8f5c-6dcd-4d9c-84f9-06acd2d15e54',NULL);

--
-- Table structure for table `membres_equipe`
--

CREATE TABLE `membres_equipe` (
  `idMembre` varchar(80) NOT NULL,
  `nom` varchar(45) DEFAULT NULL,
  `prenom` varchar(45) DEFAULT NULL,
  `titre` enum('Directeur du département','Administration','Enseignant(e)') DEFAULT NULL,
  `fonction_fr` varchar(50) DEFAULT NULL,
  `fonction_en` varchar(50) DEFAULT NULL,
  `section_fr` varchar(80) DEFAULT NULL,
  `section_en` varchar(80) DEFAULT NULL,
  `propos_fr` text,
  `propos_en` text,
  `image` longtext,
  PRIMARY KEY (`idMembre`)
) ENGINE=InnoDB DEFAULT CHARSET=utf8mb4 COLLATE=utf8mb4_general_ci;

--
-- Dumping data for table `membres_equipe`
--

INSERT INTO `membres_equipe` VALUES ('12e57195-d17f-4495-9d8f-fec1d4b6c7dc','Anzalone','Salvatore','Enseignant(e)','Maître de conférences','Associate Professor','61e section (CNU): Génie informatique, Automatique, Traitement de signal','61st section (CNU): Computer engineering, automation, signal processing','','','uploads/membre_ANZALONESalvatore_1747851972444.png'),('3165dccf-dab5-4c80-a349-345356a1b100','ROJBI','Anis','Directeur du département','Maître de conférences','Associate Professor','61e section (CNU): génie informatique, automatique, traitement de signal','61st section (CNU): Computer engineering, automation, signal processing','','','uploads/membre_ROJBIAnis_1747611137322.png'),('6bea9b1b-ddf8-41ae-9103-e49e45215442','Truck','Isis','Enseignant(e)','Professeur des Universités','University Professor','27e section (CNU): Informatique','27th section (CNU): Computer science','','','uploads/membre_TRUCKIsis_1747611148098.png'),('9f0b3a89-4379-4619-8483-687cc1140239','Rosa','Rui','Administration','Secrétaire','Secretary','','','','','uploads/membre_ROSARui_1747611160920.png'),('a17c81dc-53df-4c17-b88d-e89bfae55c7f','Archambault','Dominique','Enseignant(e)','Professeur des Universités','University Professor','27e section (CNU): Informatique','27th section (CNU): Computer science','','','uploads/membre_ARCHAMBAULTDominique_1747611171875.png'),('a77a0ed7-1e4b-4e77-a143-8c6acfc81b07','Uzan','Gérard','Enseignant(e)','Ingénieur de recherche, chargé de cours','Research engineer, lecturer','','','','','uploads/membre_UZANGérard_1747611182418.png'),('b9636856-cbcc-4ef3-b642-9ea85d7c1ef4','Bodard','Johana','Enseignant(e)','Post-doctorante, chargée de cours','Post-doctoral fellow, lecturer','','','','','uploads/membre_BODARDJohana_1747611195889.png'),('ec15514d-ae03-4bf1-a6d5-4c0f8c616a37','Jost','Céline','Enseignant(e)','Maître de conférences','Associate Professor','27e section (CNU): Informatique','27th section (CNU): Computer science','','','uploads/membre_JOSTCéline_1747611206901.png'),('fa7ca0f3-5ab4-47b2-a036-30d7e79ad593','Peroumal','Subha','Administration','Technicienne','Technician','','','','','uploads/membre_PEROUMALSubha_1747611218239.png');

--
-- Table structure for table `membres_projet`
--

CREATE TABLE `membres_projet` (
  `idMembre` varchar(80) NOT NULL,
  `nom` varchar(45) DEFAULT NULL,
  `prenom` varchar(45) DEFAULT NULL,
  `idProjet` varchar(80) DEFAULT NULL,
  PRIMARY KEY (`idMembre`),
  KEY `membre_projet_idx` (`idProjet`),
  CONSTRAINT `membre_projet` FOREIGN KEY (`idProjet`) REFERENCES `projets` (`idProjet`)
) ENGINE=InnoDB DEFAULT CHARSET=utf8mb4 COLLATE=utf8mb4_general_ci;

--
-- Dumping data for table `membres_projet`
--

INSERT INTO `membres_projet` VALUES ('0a02580f-d1d7-45d8-8c8d-bb7b788144f6','Zerdam','Alaé','4d864512-c337-4a1f-87e0-d2a4ac229276'),('17cbd750-56b8-47b0-8cdd-30903250f791','Lefebvre','Florian','4f5fbb57-8909-422a-8b1a-a690e09b4cee'),('1a4bfaa1-1a86-424b-be82-809419f2520b','Dong','Anna','4f5fbb57-8909-422a-8b1a-a690e09b4cee'),('27c78f23-e27b-4b09-a81e-57acf3cf24e2','Ayouni','Sonia','e5d5b55e-fb58-4ca0-895f-19efe7869709'),('52cd91f7-50a2-4d54-a024-ffbd52aacd83','Ferron','Jeanne','91ff8f5c-6dcd-4d9c-84f9-06acd2d15e54'),('6983844b-3ca9-4671-829e-b9553659d08c','Mokhtari','Rayane','4d864512-c337-4a1f-87e0-d2a4ac229276'),('75e038ae-8b67-424a-8431-c117fdcb0f42','Kamissokho','Fanta','e5d5b55e-fb58-4ca0-895f-19efe7869709'),('7f5248ed-7965-40be-a7ec-2545eaf4e5fc','Ait Ahcene','Mohamed','4d864512-c337-4a1f-87e0-d2a4ac229276'),('8573ae43-ee71-4a07-850f-17d458fa7736','Benboudjema','Mouna','e5d5b55e-fb58-4ca0-895f-19efe7869709'),('89dc4819-ec76-425b-aeea-9d218c4bf87e','Daoust','Emma','91ff8f5c-6dcd-4d9c-84f9-06acd2d15e54'),('968c94d7-23b4-406f-bd16-e693cc738d46','Senhaji','Amane','4d864512-c337-4a1f-87e0-d2a4ac229276'),('b9831190-eae0-4414-b5b9-f0bfe098e799','Fernandez','Marie','91ff8f5c-6dcd-4d9c-84f9-06acd2d15e54'),('bc2011db-84ab-488f-8edf-020b669ef311','Voguin','Tiffany','91ff8f5c-6dcd-4d9c-84f9-06acd2d15e54'),('c773cbe1-116b-459e-89b3-6a55bdacb6dd','Hamam','Nouna','e5d5b55e-fb58-4ca0-895f-19efe7869709'),('e3e1de07-0161-46f6-a4a4-a0d4f4801138','Lhiyat','Sofiane','4f5fbb57-8909-422a-8b1a-a690e09b4cee'),('f9b496e8-1280-4333-aea8-d9ddbb039edc','Le Breton','Arthur','4f5fbb57-8909-422a-8b1a-a690e09b4cee');

--
-- Table structure for table `pages`
--

CREATE TABLE `pages` (
  `idPage` varchar(80) NOT NULL,
  `title` varchar(80) DEFAULT NULL,
  `link` varchar(80) DEFAULT NULL,
  PRIMARY KEY (`idPage`)
) ENGINE=InnoDB DEFAULT CHARSET=utf8mb4 COLLATE=utf8mb4_general_ci;

--
-- Dumping data for table `pages`
--

INSERT INTO `pages` VALUES ('0a47a8cd-b402-4935-9c16-d45911f7b8fe','Accueil','accueil'),('2b301f38-4601-47a4-b614-d009e7ba4c79','Alumni','alumni'),('6cd33d89-215d-4799-890b-d3a2d1d2e4a3','Master MIASHS','master'),('ab0daf0a-a916-468d-aba0-b3f4b0d1312b','Collaboration nationales','collaboration-nationale'),('e629e3b1-bdcb-4ea5-aa65-d0457b63d60a','Laboratoire CHArt','lab-chart'),('eacb440a-da59-4d6b-bcae-046318d154a0','Collaboration internationales','collaboration-internationale');

--
-- Table structure for table `prix`
--

CREATE TABLE `prix` (
  `idPrix` varchar(80) NOT NULL,
  `nom` varchar(80) DEFAULT NULL,
  `organisation` varchar(80) DEFAULT NULL,
  `projet` varchar(80) DEFAULT NULL,
  `etudiants` text,
  `categorie` varchar(50) DEFAULT NULL,
  `annee` text,
  `description_fr` text,
  `description_en` text,
  `image` longtext,
  `alt_fr` varchar(60) DEFAULT NULL,
  `alt_en` varchar(60) DEFAULT NULL,
  `lien` text,
  PRIMARY KEY (`idPrix`)
) ENGINE=InnoDB DEFAULT CHARSET=utf8mb4 COLLATE=utf8mb4_general_ci;

--
-- Dumping data for table `prix`
--

INSERT INTO `prix` VALUES ('1b23cf44-9028-4f6f-a3ed-a91dc46a716d','Challenge Handicap & Technologie 2025','Challenge Handicap & Technologie 2025','Wheely','Mohamed Ait Ahcene','Autonomie','2024/2025','Wheely est un assistant intelligent qui permet d\'améliorer le niveau de sécurité des utilisateurs conduisant un fauteuil roulant électrique en détectant la fatigue faciale et lancer des appels d\'aide d\'une façon automatique. La détection de fatigue se base sur les données collectées par la caméra ce qui permettra de lancer des alertes sonores et visuelles afin de solliciter l\'aide nécessaire.','Wheely is a smart assistant designed to improve the safety of power‑wheelchair users by automatically detecting facial fatigue and initiating help calls. Using data captured by a camera, the system identifies signs of tiredness and triggers audible and visual alerts to request the necessary assistance.','uploads/prix_Challenge Handicap & Technologie 2025_Wheely_1751566077902.jpeg','Un étudiant testant l\'application \"Wheely\" dans un bus','A student testing the \"Wheely\" app on a bus','https://challengehandicaptechnologie.fr/'),('aa6a98d4-6527-4c21-8e7c-348c4581f074','Challenge Handicap & Technologie 2025','Challenge Handicap & Technologie 2025','FacePal','Massyl','Communication améliorée','2024/2025','','',NULL,'','','https://challengehandicaptechnologie.fr/');

--
-- Table structure for table `projets`
--

CREATE TABLE `projets` (
  `idProjet` varchar(80) NOT NULL,
  `titre` varchar(80) DEFAULT NULL,
  `objectif_fr` text,
  `objectif_en` text,
  `annee` varchar(45) DEFAULT NULL,
  PRIMARY KEY (`idProjet`)
) ENGINE=InnoDB DEFAULT CHARSET=utf8mb4 COLLATE=utf8mb4_general_ci;

--
-- Dumping data for table `projets`
--

INSERT INTO `projets` VALUES ('4d864512-c337-4a1f-87e0-d2a4ac229276','Wheely','Wheely est un **assistant intelligent** qui permet d\'améliorer le niveau de sécurité des utilisateurs conduisant un fauteuil roulant électrique en détectant la fatigue faciale et lancer des appels d\'aide d\'une façon automatique. La détection de fatigue se base sur les données collectées par la caméra ce qui permettra de lancer des alertes sonores et visuelles afin de solliciter l\'aide nécessaire.','Wheely is a **smart assistant** designed to improve the safety of power‑wheelchair users by automatically detecting facial fatigue and initiating help calls. Using data captured by a camera, the system identifies signs of tiredness and triggers audible and visual alerts to request the necessary assistance.','2024/2025'),('4f5fbb57-8909-422a-8b1a-a690e09b4cee','Detect\'chute','Ce projet vise à détecter les chutes à domicile grâce à des capteurs de pression et d\'accélération, ainsi qu\'à l\'aide de caméras. Les données croisées permettent une détection fiable. En cas de suspicion, la personne peut confirmer la chute via une synthèse vocale, puis être mise en relation avec une assistance par téléphone ou montre connectée.','This project aims to detect falls at home using pressure and acceleration sensors, as well as cameras. Cross-referenced data will enable reliable detection. In the event of suspicion, the person can confirm the fall via voice synthesis, and then be put in touch with assistance by telephone or connected watch.','2024/2025'),('91ff8f5c-6dcd-4d9c-84f9-06acd2d15e54','EyeRobot','EyeRobot est une voiture motorisée accessible aux enfants atteints de troubles moteurs. Elle est contrôlée par un dispositif de suivi de regard ou par des mouvements de tête, et connectée à une application dotée d\'une manette virtuelle et d\'un retour vidéo. Des capteurs d\'obstacles assistent la conduite. Une extension en réalité augmentée permet d\'ajouter une dimension ludique.','EyeRobot is a motorized car accessible to children with motor disorders. It is controlled by an eye-tracking device or head movements, and connected to an application featuring a virtual joystick and video feedback. Obstacle sensors assist driving. An augmented reality extension adds a playful dimension.','2024/2025'),('e5d5b55e-fb58-4ca0-895f-19efe7869709','NaoBody','A travers le projet NaoBody, Nao va aider les enfants atteints de TSA à reconnaître les parties du corps. En utilisant la désignation de ces parties, l\'imitation des mouvements, les enfants vont développer une meilleure prise de conscience corporelle, ce qui renforce leur coordination motrice globale.','Through the NaoBody project, Nao will help children with ASD to recognize body parts. By naming these parts, and imitating movements, children will develop a better body awareness, which strengthens their overall motor coordination.','2024/2025');

--
-- Table structure for table `sections_page`
--

CREATE TABLE `sections_page` (
  `idSection` varchar(80) NOT NULL,
  `texte_fr` text,
  `texte_en` text,
  `ordre_positionnement` int DEFAULT NULL,
  `idPage` varchar(80) DEFAULT NULL,
  PRIMARY KEY (`idSection`),
  KEY `sections_page_idx` (`idPage`),
  CONSTRAINT `sections_page` FOREIGN KEY (`idPage`) REFERENCES `pages` (`idPage`)
) ENGINE=InnoDB DEFAULT CHARSET=utf8mb4 COLLATE=utf8mb4_general_ci;

--
-- Dumping data for table `sections_page`
--

INSERT INTO `sections_page` VALUES ('0038d638-e100-4778-b18c-bbcf3064b26e','**Le département ICH (Ingénierie Cognition Handicap)** de l\'Université Paris 8 est spécialisé dans la recherche et le développement de **technologies d’assistance** destinées aux **personnes en situation de handicap**. Il conçoit des outils techniques visant à améliorer la communication, la perception, l’apprentissage et l’interaction sociale, en s’appuyant sur des approches issues de l’**intelligence artificielle, de l’apprentissage automatique et des interfaces homme-machine**.','**The ICH Department (Engineering, Cognition, Disability)** at Paris 8 University specializes in research and development of **assistive technologies** for **people with disabilities**. It designs technical tools to enhance communication, perception, learning, and social interaction, leveraging approaches from **artificial intelligence, machine learning, and human-computer interfaces**.',1,'0a47a8cd-b402-4935-9c16-d45911f7b8fe'),('008c8d7a-114a-4cff-bf04-8ffa7768c077','CHArt est un laboratoire interdisciplinaire (RNSR 200515259U, UR4004) spécialisé dans l\'étude des systèmes cognitifs naturels et artificiels et leurs interactions. Il regroupe des chercheurs en sciences cognitives issus de ses 4 tutelles : l\'Université Paris 8, l\'Université Paris-Est Créteil (UPEC), l\'EPHE-PSL et CY Cergy Paris Université.\n\n**Lien vers le laboratoire CHArt :** [https://laboratoire-chart.fr/](https://laboratoire-chart.fr/)','CHArt is an interdisciplinary research laboratory (RNSR 200515259U, UR4004) specialized in the study of natural and artificial cognitive systems and their interactions. It brings together researchers in cognitive sciences from its four supervising institutions: Université Paris 8, Université Paris-Est Créteil (UPEC), EPHE-PSL, and CY Cergy Paris Université.\n\n**Link to the CHArt laboratory:** [https://laboratoire-chart.fr/](https://laboratoire-chart.fr/)',1,'e629e3b1-bdcb-4ea5-aa65-d0457b63d60a'),('0beeaf7c-b69b-4ea2-a9a6-f1bf8533517b','Plusieurs conventions de collaborations internationales ont été signées (Ukraine, Argentine), et plusieurs intervenants dans la formation proviennent d\'autres universités à l\'international (belgique, bulgarie, Autriche, Tunisie, Italie).','Several international collaboration agreements have been signed (Ukraine, Argentina), and many of the instructors involved in the program come from universities abroad (Belgium, Bulgaria, Austria, Tunisia, Italy).',1,'eacb440a-da59-4d6b-bcae-046318d154a0'),('0cf2bda1-2f89-4aa1-a6fc-6ee7f970f7e0','Le master HANDI est une formation qui existe depuis 23 ans (jusqu’en 2006 il s’agissait d’un DESS). Elle a permis de former de nombreux spécialistes dans le domaine de l\'accessibilité numérique et de concevoir plusieurs techniques d\'aide pour les personnes en situation de handicap ayant permis le développement de plusieurs startups.\n\nDe plus, la formation accueille et forme des étudiants internationaux. Plusieurs conventions de collaborations internationales ont été signées (Ukraine, Argentine), et plusieurs intervenants dans la formation proviennent d\'autres universités à l\'international.\n\n**Lien vers la formation :** [https://www.univ-paris8.fr/-Master-Technologie-et-Handicap-676-](https://www.univ-paris8.fr/-Master-Technologie-et-Handicap-676-)','The HANDI Master\'s program has been in existence for 23 years (until 2006, it was a DESS). It has trained numerous specialists in the field of digital accessibility and contributed to the development of various assistive technologies for people with disabilities, leading to the creation of several startups.\n\nAdditionally, the program welcomes and trains international students. Several international collaboration agreements have been signed (Ukraine, Argentina), and many instructors in the program come from universities abroad.\n\n**Link to the program :** [https://www.univ-paris8.fr/-Master-Technologie-et-Handicap-676-](https://www.univ-paris8.fr/-Master-Technologie-et-Handicap-676-)',1,'6cd33d89-215d-4799-890b-d3a2d1d2e4a3'),('1bc9dfcc-4a48-401c-a3fc-cc4177de4603','## **Objetifs du Master HANDI**\n\nL’**objectif du Master HANDI** est de former des spécialistes qui peuvent apporter des solutions aux problématiques présentées ci-dessus. Notre Master est une formation unique en Europe, établissant un lien étroit entre la technologie de pointe et une société inclusive.\n\n\n## **Secteurs d’activité (publique et privée)**\n\nCette formation préparera des personnes très qualifiées dans les domaines de conception de logiciels adaptés, d’aides techniques, maîtrise de la notion d’accessibilité numérique (notamment du Web, mais aussi des logiciels) : évaluation et développement/réparation, audit d’accessibilité numérique, école inclusive et conception universelle de contenus pédagogiques, domotique et automatisation des logements, conception de robots et d’agents artificiels d’aide à la personne, adaptation technique des postes et du lieu de travail, et en soutien logistique en informatique.','## **Objectives of the HANDI Master\'s Program**\n\nThe objective of the HANDI Master\'s program is to train specialists capable of providing solutions to the challenges outlined above. This Master\'s is a unique program in Europe, establishing a strong connection between cutting-edge technology and an inclusive society.\n\n\n## **Fields of Employment (Public and Private Sectors)**\n\nThis program prepares highly qualified professionals in areas such as the design of adapted software, assistive technologies, mastery of digital accessibility (particularly web accessibility, but also software), accessibility evaluation and development/remediation, digital accessibility auditing, inclusive education and universal design of educational content, home automation and smart housing, design of assistive robots and artificial agents, technical adaptation of workstations and workplaces, and IT support logistics.',2,'6cd33d89-215d-4799-890b-d3a2d1d2e4a3'),('41efe408-2e7f-448a-b94b-d103da539f84','## **Contenu du Master HANDI**\n\nLe master HANDI est ouvert à l\'alternance depuis le LMD4, ce qui participe au très bon taux d\'insertion professionnelle de nos étudiants, qui est de 100% à 30 mois. De plus, le taux de réussite de nos étudiants est élevé. Tout cela a été rendu possible grâce à l\'accompagnement personnalisé à chaque étudiant par l\'équipe pédagogique, au tutorat organisé par les étudiants de M2 auprès des étudiants de M1, ainsi qu\'à l\'acquisition de plusieurs équipements numériques grâce au budget de l\'alternance (système de visioconférence, imprimante 3D, robots et classe mobile).\n\nAfin de valoriser les expériences de la vie étudiante au sein de notre formation, nous avons mis en place plusieurs arrangements internes pour permettre aux étudiants de mener à bien des projets étudiants, de trouver une alternance ou un stage, ou encore en libérant les étudiants pour qu’ils puissent participer à des challenges et des concours (pour lesquels nos étudiants reçoivent des prix très régulièrement).\n\nConcernant les langues, le département ICH propose à ses étudiants des cours de langue des signes française afin de répondre à la spécificité de notre formation axée sur l\'inclusion des personnes handicapées dans la société. ','## **Content of the HANDI Master\'s Program**\nThe HANDI Master\'s program has been open to work-study training since LMD4, contributing to the program\'s excellent employment rate — 100% within 30 months after graduation. In addition, the success rate among our students is high. This is made possible thanks to personalized support provided by the teaching team, peer tutoring from second-year students to first-year students, and the acquisition of various digital tools through the work-study budget (videoconferencing system, 3D printer, robots, and a mobile classroom).\n\nTo enhance the student experience within the program, several internal arrangements have been implemented, allowing students to carry out projects, secure internships or work-study placements, and participate in competitions and challenges — where our students are regularly awarded prizes.\n\nRegarding languages, the ICH department offers French Sign Language courses to its students, in line with the program’s focus on the inclusion of people with disabilities in society.',3,'6cd33d89-215d-4799-890b-d3a2d1d2e4a3'),('428038e0-9df6-46c5-a6d9-3f2b4d62b283','Il est membre de 4 écoles doctorales (ED CLI, ED SVS, ED 472, ED EDC).\n\nCHArt étudie les usages et les nouvelles formes d\'interactions, d\'innovation, et l\'élaboration de technologies cognitives associant mathématique et algorithmique aux modèles de la cognition, de l\'apprentissage et du comportement.\n\nCHArt s\'appuie sur la psychologie cognitive et développementale, neurosciences, l\'informatique et les mathématiques pour faire converger la connaissance de l\'humain avec celle des systèmes artificiels, dans des domaines tels que les situations d\'apprentissage, la prise de décision, ou la modélisation et la simulation du comportement humain.','It is affiliated with four doctoral schools (ED CLI, ED SVS, ED 472, ED EDC).\n\nCHArt studies the uses and new forms of interaction, innovation, and the development of cognitive technologies that combine mathematics and algorithms with models of cognition, learning, and behavior.\n\nCHArt draws on cognitive and developmental psychology, neuroscience, computer science, and mathematics to bridge knowledge of human beings with that of artificial systems — in areas such as learning situations, decision-making, and the modeling and simulation of human behavior.',2,'e629e3b1-bdcb-4ea5-aa65-d0457b63d60a'),('4f9e61de-5ce2-445d-a03a-ef57d77d4b01','CHArt dispose d\'une plateforme d\'observation, le Laboratoire des Usages en Technologies d\'Information Numériques (LUTIN), situé au coeur de la Cité des Sciences et de l\'Industrie. \n\nLe LUTIN offre aux chercheurs des locaux et des dispositifs pour le recueil de données comportementales (oculomètres, EEGs, ECG, RED, casques VR, logiciels de codage et d\'analyse de données…)','CHArt has an observation platform, the Laboratory for the Study of Digital Technology Uses (LUTIN), located at the heart of the Cité des Sciences et de l’Industrie in Paris.\n\nLUTIN provides researchers with facilities and equipment for collecting behavioral data, including eye-trackers, EEGs, ECGs, RED systems, VR headsets, and software for data coding and analysis.',3,'e629e3b1-bdcb-4ea5-aa65-d0457b63d60a'),('61310027-314a-4a27-b47c-73e17c92e0e5','## **Quelques métiers actuels (Codes ROME)**\n\n- **Conseil et maîtrise d\'ouvrage en systèmes d\'information (ROME : M1806)**\n  - Assistant / Assistante maîtrise d\'ouvrage des systèmes d\'information\n  - Chef de projet maîtrise d\'ouvrage des systèmes d\'information\n  - Consultant / Consultante en accessibilité numérique\n- **Études et développement informatique (ROME : M1805)**\n  - Développeur / Développeuse d\'application\n  - Développeur / Développeuse web\n  - Développeur / Développeuse web mobile\n- **Expertise et support en systèmes d\'information (ROME : M1802)**\n  - Expert / Experte en technologie Internet et multimédia\n  - Expert / Experte méthodes et outils en informatique\n  - Ingénieur / Ingénieure méthodes informatiques\n- **Développement des ressources humaines (ROME : M1502)**\n  - Chargé / Chargée de mission RH diversité handicap\n- **Réalisation de contenus multimédias (ROME : E1205)**\n  - UI - user interface designer\n  - UX - user experience designer\n- **Ingénierie et études du BTP (ROME : F1106)**\n  - Domoticien / Domoticienne\n  - Ingénieur / Ingénieure en domotique\n- **Recherches en Sciences de l’Homme et de la Société (K2401)**\n  - Chercheur, enseignant-chercheur','## **Examples of Current Careers (ROME Codes)**\n- **Information Systems Consulting and Project Management (ROME: M1806)**\n  - Information Systems Project Assistant\n  - Information Systems Project Manager\n  - Digital Accessibility Consultant\n- **IT Studies and Software Development (ROME: M1805)**\n  - Application Developer\n  - Web Developer\n  - Mobile Web Developer\n- **IT Systems Expertise and Support (ROME: M1802)**\n  - Internet and Multimedia Technology Expert\n  - Methods and Tools IT Expert\n  - IT Methods Engineer\n- **Human Resources Development (ROME: M1502)**\n  - Diversity and Disability HR Project Officer\n- **Multimedia Content Creation (ROME: E1205)**\n  - UI – User Interface Designer\n  - UX – User Experience Designer\n- **Construction Engineering and Studies (ROME: F1106)**\n  - Home Automation Specialist\n  - Home Automation Engineer\n- **Research in Human and Social Sciences (ROME: K2401)**\n  - Researcher, Lecturer-Researcher\"}]}]',4,'6cd33d89-215d-4799-890b-d3a2d1d2e4a3'),('6855c5cd-1810-4f2b-81be-e7aa18012b85','','',1,'2b301f38-4601-47a4-b614-d009e7ba4c79'),('69995025-a251-4515-af68-0a062b3779de','## Collaborations et conventions\nPlusieurs collaborations sont établies entre le master et différents partenaires dont certains issus du monde-socio-économique. Ces partenariats contribuent à enrichir notre formation par la participation de certains intervenants à des séminaires mais également certains dispositifs grâce à leur expertise. En outre, certains de nos partenaires accueillent en alternance ou en stage nos étudiant.es.','## Collaborations and Partnerships\nSeveral collaborations have been established between the Master\'s program and various partners, some of whom come from the socio-economic sector. These partnerships help enrich our training through the participation of certain contributors in seminars, as well as in specific programs thanks to their expertise. In addition, some of our partners host our students for internships or work-study placements.',1,'ab0daf0a-a916-468d-aba0-b3f4b0d1312b'),('82fac89b-e93b-4cee-b911-fbdad4705e38','','',4,'e629e3b1-bdcb-4ea5-aa65-d0457b63d60a'),('91d48978-0f05-465a-9fa3-e6773820dfb1','','',2,'eacb440a-da59-4d6b-bcae-046318d154a0'),('92f07fdd-0488-427e-a999-988ee7bb5041','**Les travaux du département s’articulent autour de plusieurs axes :**\n- La conception, la mise en œuvre et l’évaluation d’outils technologiques adaptés aux besoins des personnes handicapées.\n- L’analyse des expériences et des besoins des usagers afin d’optimiser les solutions proposées.\n- Le développement de modèles et d’interfaces basés sur l’intelligence artificielle et l’apprentissage automatique.','**The department\'s work is structured around several key areas:**\n- The design, implementation, and evaluation of technological tools tailored to the needs of people with disabilities.\n- The analysis of user experiences and needs to optimize proposed solutions.\n- The development of models and interfaces based on artificial intelligence and machine learning.',2,'0a47a8cd-b402-4935-9c16-d45911f7b8fe'),('a9f00443-6222-4b34-ab95-ae0dd2be3289','## Partenaires socio-économiques\nDe nombreuses sociétés françaises sont impliquées dans ce domaine et avec lesquelles nous avons déjà collaboré, soit parce qu’elles ont proposé des stages à nos étudiants, soit en participant à notre cycle de conférences, soit en collaborant à des projets de recherche : des PME et des sociétés nationales, multinationales et des établissements publics.','## Socio-economic Partners\nMany French companies are involved in this field and have already collaborated with us — either by offering internships to our students, participating in our lecture series, or contributing to research projects. These include SMEs, national and multinational companies, as well as public institutions.',2,'ab0daf0a-a916-468d-aba0-b3f4b0d1312b'),('ab927bfc-c874-49b9-b49b-27e6020791be','Le département ICH est également impliqué dans la formation à travers le **Master MIASHS, spécialité Technologie et Handicap**. Ce programme vise à former des étudiants à **la conception et au développement de technologies d’assistance**, en alliant enseignements théoriques, travaux pratiques et expériences en milieu professionnel.','The ICH department is also involved in education through the **MIASHS Master’s program, specializing in Technology and Disability**. This program aims to train students in **the design and development of assistive technologies** by combining theoretical courses, practical work, and professional experience.',3,'0a47a8cd-b402-4935-9c16-d45911f7b8fe'),('ac205433-d764-484d-a2f4-8071bd1f875a','','',4,'2b301f38-4601-47a4-b614-d009e7ba4c79'),('b77d617e-c8e5-4f59-91ca-efc3c075dd17','','',2,'2b301f38-4601-47a4-b614-d009e7ba4c79'),('bdd0354f-5edb-411d-a0a4-b59f0b608e97','','',3,'2b301f38-4601-47a4-b614-d009e7ba4c79'),('eaf2760d-c550-405e-85c0-8a64680e9081','Par ses activités de recherche et d’enseignement, le département contribue à l’**amélioration des conditions de vie des personnes handicapées** en développant des solutions adaptées à leurs besoins spécifiques.','Through its research and teaching activities, the department contributes to **improving the quality of life for people with disabilities** by developing solutions tailored to their specific needs.',4,'0a47a8cd-b402-4935-9c16-d45911f7b8fe');


